 v(k) = -k**2 - k + 4. Let t be v(0). Suppose -4*l - 2*j = -86, -2 - 15 = -l + t*j. Calculate the remainder when l is divided by 11.
10
Suppose 6*l - l = -20. Let n = -1 - l. Calculate the remainder when 1 + 30/(n - 0) is divided by 6.
5
Suppose -103 = -3*r - 13. Let v be r/2*(-3)/(-9). Suppose 0 = 5*s - 6*j + j - 20, 15 = v*j. What is the remainder when s is divided by 4?
3
Let y(b) = 4*b + 7. What is the remainder when y(8) is divided by 21?
18
Suppose 31 = g - 11. Calculate the remainder when g is divided by 11.
9
Suppose 3*z + 10 + 1 = 5*b, -9 = z - 3*b. Calculate the remainder when 19 is divided by 3 - (-32)/(7 - z).
8
Let n = 16 - 5. Calculate the remainder when n is divided by 7.
4
Suppose 12 - 28 = -2*z. Let l(f) = -f + 17. Calculate the remainder when l(-6) is divided by z.
7
Suppose 0*t + 2*t = 54. Let j = -14 + t. Suppose 5*m + s - 188 = 5*s, 3*m - 112 = 2*s. What is the remainder when m is divided by j?
10
Calculate the remainder when 64 is divided by (-1 - 29)/(-2) + -1.
8
Suppose 3 = -f + 7. Let y be 3*(2 - f/6). Suppose 0*z + y = 2*z. Calculate the remainder when 5 is divided by z.
1
Suppose -13*o = 200 - 525. What is the remainder when 73 is divided by o?
23
Suppose -5*k + 85 = -0*j - 5*j, 43 = 3*k - j. Let s = -5 - -7. Suppose s*h = 2*o - 48, 0 = -3*o - 4*h + 47 + 25. Calculate the remainder when o is divided by k.
11
What is the remainder when (-130)/(-20)*(2 - 0) is divided by (2/(-6))/(3/(-45))?
3
Suppose 3*p - 2*h - 56 = 0, -7 = 3*h + 5. Suppose -j - 3 = 0, -5*y + 0*j = 2*j - 229. What is the remainder when y is divided by p?
15
Suppose 0 = -3*q - 4*x + 18 + 4, 0 = 3*q + 2*x - 26. Suppose -2*f + 27 = -31. Calculate the remainder when f is divided by q.
9
Suppose 64 = 3*n + n. Calculate the remainder when n is divided by 5.
1
Let n(r) = r. Let m(s) = -2*s - 1. Let y(v) = -m(v) - 4*n(v). Let u = -3 + -4. Calculate the remainder when y(u) is divided by 8.
7
Let i(f) = f**3 + 6*f**2 - 6*f - 10. Calculate the remainder when i(-5) is divided by 12.
9
Let p(d) = 2*d - 7. Let v be p(9). Let l(t) = t**2 - 6*t - 8. What is the remainder when l(v) is divided by 24?
23
Suppose l + f = 82, -113 = -5*l - f + 297. What is the remainder when l is divided by 21?
19
Suppose -c = -4*c - 2*q + 107, 5*q = 20. What is the remainder when c is divided by 17?
16
Suppose q - 4*b = -9*b + 32, -112 = -2*q + 2*b. Let k = -44 - -62. What is the remainder when q is divided by k?
16
Suppose -2*w = -3*d + 19, 4*w + 25 - 8 = -d. Calculate the remainder when -1 + 4 + -3 + 4 is divided by d.
1
Suppose -4*c - 35 = -11*c. Calculate the remainder when 8 is divided by c.
3
Calculate the remainder when 6 is divided by 1 + ((-1)/(-3))/(10/60).
0
Suppose 4 - 24 = -4*g. Suppose 7 = -a - g*r, -1 = -3*a - 3*r + 2. Calculate the remainder when a is divided by 2.
1
Suppose q = 3*q - 22. Let f = q - -1. Calculate the remainder when 22 is divided by f.
10
Suppose k + 2*k + 9 = 0, k = m - 13. What is the remainder when 59 is divided by m?
9
Let g(f) be the first derivative of -7*f**2 - 23*f + 2. Let l(c) = -5*c - 8. Let a(w) = -6*g(w) + 17*l(w). What is the remainder when 28 is divided by a(-8)?
8
Suppose g + 0*g = 11. Suppose -33*n - 636 = -2022. What is the remainder when n is divided by g?
9
Suppose 5*g + 2*f = -3 + 68, 4*f = 20. What is the remainder when 18 is divided by g?
7
Let c be (-2)/(-8) + 73/(-4). Calculate the remainder when 12 is divided by 3*(-2)/c*21.
5
Suppose 20*m = 13*m + 91. Suppose 6 - 1 = x. Calculate the remainder when m is divided by x.
3
Let p(j) = 4*j + 2. Let y be (-28)/(-16) - 1/(-4). Calculate the remainder when 29 is divided by p(y).
9
Let x = 7 - -1. Calculate the remainder when 30 is divided by x.
6
Let r = 2 + 2. Let i(x) = x + x**3 - r*x**2 + x**2 + 2*x - 5*x**2. What is the remainder when i(8) is divided by 13?
11
Let c(a) = 9*a + 9. Let q be 4*(3 - (4 - 2)). What is the remainder when c(q) is divided by 16?
13
Let f be 2*4*3/(-4). Let c(d) = -d**2 - 5*d + 7. Let j be c(f). Let m(b) = 9*b**2. What is the remainder when m(j) is divided by 6?
3
Let l(r) = r**2 - 2*r - 3. Let f be l(3). Let z be f - 7/(14/(-12)). Let x = -4 + z. Calculate the remainder when 4 is divided by x.
0
Let m = 14 + -6. Let g = 2 + m. Let t(j) = 6*j**2 + j - 1. What is the remainder when g is divided by t(1)?
4
Suppose 2*x - 60 = -2*x. Let i = 27 - x. Calculate the remainder when 23 is divided by i.
11
Let v = 5 + 1. Let c = v + 7. Calculate the remainder when 36 is divided by c.
10
Suppose 242 = -r + 3*r. Calculate the remainder when r is divided by 31.
28
Suppose -242 = -5*w + 203. Suppose 266 = 5*s - 2*a, -2*s - a + w = 4*a. Suppose -3*z + 5*z = 36. Calculate the remainder when s is divided by z.
16
Let i(p) = 18*p**3 - p**2 - p + 1. Calculate the remainder when i(1) is divided by (9/4)/(2/8).
8
Suppose 21*j + 28 = 23*j. Calculate the remainder when 31 is divided by j.
3
Suppose -l - 38 - 5 = -5*b, -l + 2*b - 28 = 0. Let p be 15/l - (-2)/(-12). What is the remainder when 3 is divided by ((-2)/(-6))/(p/(-6))?
1
Suppose -36 = 5*j - 161. Suppose -4*t = 4*f - 52, -2*f + 1 = 5*t - 37. What is the remainder when j is divided by f?
7
Let d(w) = w - 1. Let g be d(-9). Let n = 18 + g. What is the remainder when n is divided by 4?
0
Suppose -4*h - 5*k + 2 = -11, 0 = -2*h - 4*k + 2. What is the remainder when (-3 + 4/8)*-10 is divided by h?
4
Let b be (0*(-3)/6)/2. Let w(j) = j**2 + j + 8. What is the remainder when 23 is divided by w(b)?
7
Let z(w) = w**2 + w. Let a(s) = 3*s**2 + 3*s + 1. Let j(x) = -a(x) + 5*z(x). Suppose 4*c = -0*c + 80. What is the remainder when c is divided by j(2)?
9
Suppose b + 2*b = 0. What is the remainder when 25 is divided by (b - -1)/(2/18)?
7
Calculate the remainder when 27 is divided by 1*-7*(-4 + 3).
6
Suppose 5*r - 3*n - 134 = 0, -3*r - r = 5*n - 85. Calculate the remainder when r is divided by 15.
10
Suppose -3*h + 4*p + 256 = h, -2 = p. Calculate the remainder when h is divided by 9.
8
Let r(n) = -n**3 + 6*n**2 + 2*n. Let u(y) = 5*y**3 - 25*y**2 - 7*y + 1. Let t(g) = -9*r(g) - 2*u(g). Calculate the remainder when t(-4) is divided by 8.
6
Suppose -5*b = -p - 105, 0 = -3*b + p - 3*p + 63. Calculate the remainder when 81 is divided by b.
18
Let s(i) = 4*i - 4. Let j = -8 + 21. What is the remainder when s(7) is divided by j?
11
Suppose 0 = -a - 1, 2*a - 19 = n - 4*n. Calculate the remainder when 11 is divided by n.
4
Let r be (-4 - -5)/(1/(-7)). Let t(j) = -j**3 - 5*j**2 + 9*j + 8. Calculate the remainder when t(r) is divided by 15.
13
Suppose -3*s = 4*q - q - 48, -3*s = -5*q - 48. Suppose 4*z + 0*w + 3*w = 9, -4*z + 4*w + s = 0. Calculate the remainder when 11 is divided by z.
2
Suppose 0 = 5*n - 21 - 19. What is the remainder when 14 is divided by n?
6
Suppose 2*a + 3*h = 7*a - 1125, -h = 0. What is the remainder when a is divided by 57?
54
Let z = 8 + -15. Suppose 3*t - 5*a = 20, a - 27 = -5*t + 3*a. Calculate the remainder when (z + 4)/((-1)/3) is divided by t.
4
Let v = 34 + -19. Let b = -69 - -98. What is the remainder when b is divided by v?
14
What is the remainder when 16 is divided by -2 + 11 + 4/(-1)?
1
Let y = -8 + -20. Let v = 79 - 40. Let b = v + y. What is the remainder when 21 is divided by b?
10
Let w be 3/9*0 + -1. What is the remainder when 16 is divided by w - -1 - 9*-1?
7
Let k = 4 + 3. Let x(d) = d - 3. Let u be x(4). Suppose 3*w + u - 10 = 0. Calculate the remainder when k is divided by w.
1
Suppose -184 = -2*t - 58. What is the remainder when t is divided by 35?
28
Let j = -5 - -7. Let z(x) = -x**j + x + 0 - 8 - 12*x. What is the remainder when 19 is divided by z(-9)?
9
Suppose -4*u + 3*x = -x - 20, -3*x - 21 = -4*u. Calculate the remainder when u is divided by 2.
0
Let w = 23 + -14. Suppose 0 = 4*p - w + 1. What is the remainder when 2 is divided by p?
0
What is the remainder when 1*-4*156/(-24) is divided by 6?
2
Suppose -4*a - a = 3*l + 105, 5*a + 110 = -4*l. Let n = a + 28. Suppose b - d = 32, -d - 156 = -5*b + 3*d. Calculate the remainder when b is divided by n.
8
Suppose -98 = -5*r - 13. What is the remainder when 82 is divided by r?
14
Let k(f) = 4*f - 9. Calculate the remainder when k(10) is divided by 17.
14
Let u(g) = -g**3 - 5*g**2 + 12*g. Calculate the remainder when 38 is divided by u(-7).
10
Let g(j